e the remainder when 29579 is divided by 757.
56
Calculate the remainder when 14579162 is divided by 6969.
14
What is the remainder when 138921 is divided by 1417?
55
What is the remainder when 78932578 is divided by 3349?
3346
Calculate the remainder when 6025768 is divided by 2008588.
4
Calculate the remainder when 366730 is divided by 91669.
54
Calculate the remainder when 239378 is divided by 1710.
1688
Calculate the remainder when 1643563 is divided by 421.
400
What is the remainder when 2439155 is divided by 230?
5
What is the remainder when 774761 is divided by 761?
63
What is the remainder when 121727 is divided by 121671?
56
Calculate the remainder when 232974 is divided by 844.
30
Calculate the remainder when 84585 is divided by 83631.
954
What is the remainder when 59857067 is divided by 511?
60
What is the remainder when 215357 is divided by 433?
156
What is the remainder when 2073322 is divided by 2239?
8
Calculate the remainder when 536 is divided by 1.
0
Calculate the remainder when 71747116 is divided by 3117.
10
Calculate the remainder when 2025997 is divided by 1012993.
11
What is the remainder when 17018 is divided by 4015?
958
What is the remainder when 2527813 is divided by 571?
567
What is the remainder when 1271327 is divided by 423759?
50
Calculate the remainder when 497824 is divided by 165538.
1210
What is the remainder when 3292133 is divided by 167?
62
Calculate the remainder when 114523 is divided by 22460.
2223
Calculate the remainder when 13211932 is divided by 3486.
3478
Calculate the remainder when 758605307 is divided by 2387.
2385
Calculate the remainder when 15720710 is divided by 90871.
27
Calculate the remainder when 11945246 is divided by 1327246.
32
Calculate the remainder when 78208024 is divided by 76.
72
What is the remainder when 261931919 is divided by 1462?
1461
What is the remainder when 1801304 is divided by 1021?
260
Calculate the remainder when 24905 is divided by 416.
361
What is the remainder when 158755 is divided by 5306?
4881
What is the remainder when 547891 is divided by 182422?
625
Calculate the remainder when 1353398 is divided by 10185.
8978
What is the remainder when 55723569 is divided by 70?
69
What is the remainder when 2462438 is divided by 820808?
14
What is the remainder when 1542769 is divided by 2?
1
Calculate the remainder when 2338378 is divided by 298.
270
What is the remainder when 1325780 is divided by 3735?
3590
What is the remainder when 1327079 is divided by 21754?
85
What is the remainder when 371947 is divided by 92983?
15
Calculate the remainder when 98712 is divided by 46113.
6486
Calculate the remainder when 36861193 is divided by 33.
28
What is the remainder when 23366046 is divided by 1579?
4
Calculate the remainder when 6578150 is divided by 176.
150
What is the remainder when 133205 is divided by 70?
65
What is the remainder when 2051696 is divided by 48?
32
What is the remainder when 23631436 is divided by 10976?
108
Calculate the remainder when 262869 is divided by 1143.
1122
Calculate the remainder when 7619420 is divided by 88.
28
What is the remainder when 82430466 is divided by 62876?
30
Calculate the remainder when 532843 is divided by 4096.
363
What is the remainder when 4087077 is divided by 978?
15
Calculate the remainder when 54447 is divided by 682.
569
Calculate the remainder when 2963244 is divided by 2963219.
25
Calculate the remainder when 2391961 is divided by 2882.
2783
Calculate the remainder when 6008590 is divided by 1187.
1183
What is the remainder when 12274848 is divided by 101445?
3
What is the remainder when 1915275 is divided by 255?
225
Calculate the remainder when 2743431 is divided by 63.
33
What is the remainder when 18582 is divided by 2355?
2097
Calculate the remainder when 749542 is divided by 13627.
57
What is the remainder when 1547982 is divided by 3471?
3387
Calculate the remainder when 47546917 is divided by 189.
187
What is the remainder when 47855 is divided by 15075?
2630
Calculate the remainder when 98741 is divided by 8198.
365
Calculate the remainder when 19823687 is divided by 643.
640
What is the remainder when 4034480 is divided by 7389?
86
What is the remainder when 5665712 is divided by 566560?
112
What is the remainder when 7288111 is divided by 8?
7
What is the remainder when 15068 is divided by 2926?
438
What is the remainder when 905268 is divided by 451549?
2170
Calculate the remainder when 24617086 is divided by 216.
214
Calculate the remainder when 29374182 is divided by 1007.
999
Calculate the remainder when 8905498 is divided by 3192.
3010
Calculate the remainder when 889724 is divided by 1031.
1002
What is the remainder when 3222931 is divided by 1923?
1906
What is the remainder when 3167247 is divided by 406?
41
What is the remainder when 20223 is divided by 4621?
1739
What is the remainder when 20700158 is divided by 517?
512
Calculate the remainder when 351752 is divided by 12557.
156
What is the remainder when 11111562 is divided by 3703835?
57
What is the remainder when 2131943 is divided by 85277?
18
Calculate the remainder when 7076238 is divided by 222.
210
Calculate the remainder when 431950 is divided by 1193.
84
What is the remainder when 384764557 is divided by 752?
749
Calculate the remainder when 7839314 is divided by 201008.
2
What is the remainder when 18816627 is divided by 3015?
12
Calculate the remainder when 29040662 is divided by 861.
854
Calculate the remainder when 607266 is divided by 37792.
2594
What is the remainder when 3943983 is divided by 288?
111
What is the remainder when 13474652 is divided by 1763?
43
Calculate the remainder when 1538148 is divided by 262.
208
What is the remainder when 6116253 is divided by 18?
15
Calculate the remainder when 12851072 is divided by 84546.
80
Calculate the remainder when 266128073 is divided by 9.
8
Calculate the remainder when 7164135 is divided by 3582006.
123
Calculate the remainder when 531086 is divided by 1325.
1086
What is the remainder when 11950721 is divided by 404?
401
Calculate the remainder when 3508039 is divided by 3135.
3109
What is the remainder when 16824893 is divided by 150?
143
What is the remainder when 442975 is divided by 196?
15
Calculate the remainder when 101035085 is divided by 11.
8
What is the remainder when 1570151 is divided by 1570146?
5
What is the remainder when 7493210 is divided by 3746588?
34
Calculate the remainder when 5123977 is divided by 240.
217
What is the remainder when 7448927 is divided by 57?
53
Calculate the remainder when 254811 is divided by 130.
11
What is the remainder when 842407 is divided by 3330?
3247
What is the remainder when 1002065 is divided by 500629?
807
Calculate the remainder when 1530130 is divided by 274.
114
What is the remainder when 2139005 is divided by 387?
56
What is the remainder when 97411 is divided by 24322?
123
Calculate the remainder when 5275182 is divided by 16033.
325
Calculate the remainder when 1016870 is divided by 430.
350
What is the remainder when 31223532 is divided by 137?
136
Calculate the remainder when 1264564 is divided by 30108.
28
What is the remainder when 6221667 is divided by 129?
126
Calculate the remainder when 353466 is divided by 412.
382
What is the remainder when 52196 is divided by 347?
146
What is the remainder when 34952011 is divided by 51400?
11
Calculate the remainder when 185076269 is divided by 2541.
2534
Calculate the remainder when 14080616 is divided by 767.
30
Calculate the remainder when 1080206 is divided by 56.
22
Calculate the remainder when 8508064 is divided by 50946.
82
Calculate the remainder when 124904960 is divided by 1413.
1412
What is the remainder when 25224274 is divided by 47?
32
Calculate the remainder when 201785 is divided by 201548.
237
Calculate the remainder when 1389678 is divided by 634.
584
Calculate the remainder when 43443590 is divided by 6150.
6140
What is the remainder when 22414875 is divided by 657?
6
Calculate the remainder when 551317 is divided by 8187.
2788
Calculate the remainder when 180440 is divided by 10023.
26
Calculate the remainder when 66434 is divided by 32831.
772
Calculate the remainder when 4919397 is divided by 63069.
15
Calculate the remainder when 10293642 is d